7 (base 16) to base 9.
-7
What is 0 (base 4) in base 5?
0
0 (base 13) to base 15
0
What is 2 (base 8) in base 11?
2
44 (base 16) to base 2
1000100
What is a (base 15) in base 12?
a
Convert 3 (base 15) to base 4.
3
2 (base 10) to base 3
2
What is -69 (base 16) in base 5?
-410
Convert -1234 (base 5) to base 4.
-3002
What is 12 (base 10) in base 13?
c
5c (base 13) to base 5
302
0 (base 15) to base 11
0
-1000001 (base 2) to base 4
-1001
Convert -2 (base 7) to base 12.
-2
What is 0 (base 2) in base 4?
0
Convert 10 (base 3) to base 12.
3
-9 (base 12) to base 14
-9
Convert 7e (base 16) to base 2.
1111110
What is 0 (base 7) in base 6?
0
What is a (base 15) in base 4?
22
Convert -100110 (base 2) to base 3.
-1102
-111 (base 3) to base 2
-1101
What is 441 (base 5) in base 8?
171
What is -b (base 14) in base 9?
-12
What is 60 (base 8) in base 4?
300
11 (base 5) to base 10
6
2 (base 5) to base 4
2
-2 (base 9) to base 10
-2
What is a (base 12) in base 4?
22
What is -3 (base 7) in base 5?
-3
9 (base 14) to base 6
13
What is -15 (base 16) in base 2?
-10101
What is -3 (base 14) in base 9?
-3
-8 (base 15) to base 2
-1000
Convert -14 (base 14) to base 4.
-102
111 (base 9) to base 10
91
What is -4a (base 12) in base 9?
-64
Convert -1 (base 11) to base 2.
-1
What is -1101 (base 2) in base 4?
-31
Convert 1 (base 14) to base 12.
1
What is 79 (base 15) in base 2?
1110010
Convert 13 (base 9) to base 7.
15
Convert 0 (base 6) to base 15.
0
What is 5 (base 15) in base 4?
11
What is 131 (base 7) in base 8?
107
Convert 4 (base 6) to base 12.
4
What is -10 (base 4) in base 6?
-4
What is 1102 (base 4) in base 2?
1010010
What is 6 (base 7) in base 15?
6
337 (base 8) to base 5
1343
-4 (base 13) to base 11
-4
-32 (base 6) to base 12
-18
What is 111 (base 6) in base 10?
43
14 (base 15) to base 13
16
Convert -120 (base 3) to base 15.
-10
-1003 (base 5) to base 4
-2000
What is 19 (base 16) in base 12?
21
What is 203 (base 4) in base 13?
29
Convert 22 (base 13) to base 4.
130
What is 111 (base 2) in base 13?
7
What is 11 (base 13) in base 3?
112
38 (base 13) to base 3
1202
What is -225 (base 8) in base 11?
-126
Convert -101 (base 5) to base 8.
-32
Convert 6 (base 8) to base 2.
110
11 (base 4) to base 5
10
Convert 23 (base 4) to base 11.
10
What is -8 (base 12) in base 3?
-22
Convert 5 (base 15) to base 5.
10
101012 (base 3) to base 11
230
3 (base 13) to base 3
10
What is -3 (base 15) in base 4?
-3
What is -2 (base 13) in base 8?
-2
What is -44 (base 7) in base 15?
-22
0 (base 8) to base 13
0
What is 10 (base 4) in base 14?
4
What is 1 (base 15) in base 3?
1
Convert 1 (base 7) to base 4.
1
-a (base 15) to base 9
-11
67 (base 12) to base 11
72
Convert 21 (base 5) to base 2.
1011
What is 18 (base 13) in base 16?
15
4 (base 7) to base 9
4
Convert 1 (base 13) to base 3.
1
What is -10010 (base 2) in base 7?
-24
-41 (base 11) to base 14
-33
Convert 3 (base 15) to base 16.
3
Convert -24 (base 7) to base 2.
-10010
What is 40 (base 5) in base 7?
26
Convert 2 (base 15) to base 2.
10
-11 (base 3) to base 9
-4
Convert -12 (base 3) to base 8.
-5
Convert -151 (base 13) to base 11.
-1a4
What is -30 (base 6) in base 11?
-17
What is 4 (base 9) in base 5?
4
83 (base 11) to base 3
10101
1 (base 9) to base 6
1
Convert 13 (base 11) to base 13.
11
Convert 4 (base 16) to base 11.
4
-203 (base 5) to base 6
-125
What is 2122 (base 3) in base 8?
107
Convert -21 (base 5) to base 7.
-14
-aa (base 16) to base 14
-c2
-21 (base 14) to base 16
-1d
-1 (base 4) to base 6
-1
-4 (base 12) to base 14
-4
Convert 6 (base 16) to base 9.
6
What is 6 (base 16) in base 4?
12
What is -5 (base 11) in base 3?
-12
Convert 4 (base 6) to base 10.
4
Convert -7a (base 13) to base 5.
-401
-13 (base 4) to base 12
-7
What is 144 (base 5) in base 11?
45
Convert 5 (base 12) to base 9.
5
2 (base 3) to base 13
2
-112 (base 6) to base 3
-1122
Convert 0 (base 15) to base 14.
0
5 (base 6) to base 9
5
Convert -2 (base 13) to base 7.
-2
What is 4 (base 15) in base 2?
100
Convert -1 (base 16) to base 10.
-1
What is 11 (base 2) in base 8?
3
What is 304 (base 5) in base 2?
1001111
a (base 15) to base 4
22
Convert -5a (base 11) to base 13.
-50
31 (base 7) to base 15
17
-32 (base 14) to base 5
-134
What is -34 (base 6) in base 15?
-17
Convert 10 (base 4) to base 8.
4
What is -3 (base 6) in base 16?
-3
36 (base 8) to base 5
110
Convert -15 (base 9) to base 6.
-22
-6 (base 9) to base 15
-6
Convert 15 (base 6) to base 16.
b
What is -231 (base 6) in base 11?
-83
-53 (base 6) to base 15
-23
Convert 3 (base 14) to base 6.
3
11001 (base 2) to base 7
34
Convert -37 (base 13) to base 4.
-232
10111111 (base 2) to base 9
232
52 (base 13) to base 3
2111
-2 (base 15) to base 14
-2
Convert 25 (base 6) to base 11.
16
Convert -4 (base 8) to base 15.
-4
What is 101 (base 3) in base 5?
20
What is 0 (base 2) in base 9?
0
Convert 3 (base 13) to base 8.
3
Convert 12 (base 9) to base 6.
15
Convert 2 (base 4) to base 7.
2
6 (base 14) to base 15
6
Convert -3 (base 6) to base 8.
-3
Convert -11 (base 12) to base 4.
-31
-47 (base 8) to base 10
-39
-201 (base 5) to base 15
-36
What is -10 (base 14) in base 8?
-16
Convert 1 (base 9) to base 16.
1
Convert -220 (base 6) to base 10.
-84
-2 (base 16) to base 13
-2
-1 (base 3) to base 6
-1
-444 (base 8) to base 12
-204
Convert -11012 (base 3) to base 13.
-89
What is 0 (base 4) in base 13?
0
-6a (base 16) to base 6
-254
4 (base 13) to base 7
4
What is 154 (base 9) in base 11?
109
Convert -1b (base 16) to base 7.
-36
What is 115 (base 8) in base 15?
52
Convert -3 (base 8) to base 16.
-3
Convert -1 (base 12) to base 13.
-1
What is -12 (base 4) in base 6?
-10
Convert 13 (base 4) to base 16.
7
Convert 5 (base 11) to base 8.
5
10111 (base 2) to base 3
212
1 (base 6) to base 13
1
21 (base 7) to base 8
17
1111 (base 3) to base 7
55
-240 (base 5) to base 14
-50
What is -121 (base 8) in base 14?
-5b
What is -34 (base 5) in base 16?
-13
2 (base 12) to base 5
2
What is -1010 (base 2) in base 11?
-a
Convert -6 (base 12) to base 4.
-12
Convert -10210 (base 3) to base 14.
-74
What is 6 (base 7) in base 8?
6
What is 4 (base 16) in base 4?
10
11200 (base 3) to base 5
1001
-27 (base 8) to base 14
-19
What is e (base 15) in base 10?
14
11 (base 11) to base 8
14
What is -5 (base 7) in base 10?
-5
Convert -1210 (base 3) to base 4.
-300
What is 10 (base 3) in base 15?
3
-2 (base 3) to base 11
-2
What is -33 (base 5) in base 14?
-14
What is 4 (base 7) in base 16?
4
Convert -1c (base 15) to base 2.
-11011
What is -2a (base 12) in base 6?
-54
What is 1 (base 2) in base 10?
1
What is 44 (base 7) in base 3?
1012
-34 (base 5) to base 16
-13
3 (base 12) to base 7
3
Convert -5 (base 10) to base 11.
-5
1013 (base 6) to base 15
100
Convert -141 (base 8) to base 6.
-241
Convert 0 (base 14) to base 8.
0
What is 33 (base 7) in base 10?
24
100010 (base 2) to base 8
42
What is 28 (base 14) in base 11?
33
Convert 12 (base 15) to base 10.
17
30 (base 13) to base 9
43
Convert 0 (base 5) to base 13.
0
What is 111 (base 3) in base 8?
15
What is -25 (base 8) in base 3?
-210
Convert -30 (base 6) to base 12.
-16
What is 2 (base 3) in base 15?
2
What is -2111 (base 4) in base 11?
-126
Convert -333 (base 4) to base 13.
-4b
10233 (base 4) to base 13
1a4
Convert 2c (base 14) to base 7.
55
13 (base 8) to base 12
b
37 (base 11) to base 8
50
Convert -20 (base 13) to base 8.
-32
Convert -15 (base 8) to base 7.
-16
Convert -2 (base 11) to base 3.
-2
What is 10 (base 5) in base 8?
5
What is -11 (base 4) in base 11?
-5
What is 10 (base 5) in base 15?
5
Convert -5 (base 9) to base 3.
-12
0 (base 5) to base 13
0
Convert -19 (base 12) to base 2.
-10101
-101 (base 14) to base 5
-1242
1 (base 7) to base 10
1
Convert 3 (base 5) to base 9.
3
-32 (base 8) to base 16
-1a
Convert -1422 (base 5) to base 7.
-456
-55 (base 8) to base 2
-101101
-3033 (base 4) to base 3
-21200
Convert -3 (base 5) to base 2.
-11
1a (base 15) to base 6
41
Convert -1 (base 9) to base 7.
-1
Convert 17b (base 15) to base 6.
1325
1 (base 14) to base 8
1
1 (base 15) to base 9
1
What is 20 (base 16) in base 11?
2a
What is 2 (base 8) in base 7?
2
1100 (base 2) to base 11
11
Convert -23 (base 5) to base 11.
-12
Convert -3a (base 16) to base 6.
-134
-50 (base 11) to base 9
-61
What is -1 (base 8) in base 4?
-1
Convert -41 (b